{"id":18,"date":"2013-01-14T15:48:49","date_gmt":"2013-01-14T13:48:49","guid":{"rendered":"http:\/\/127.0.0.1\/wp\/?page_id=18"},"modified":"2013-12-03T21:12:13","modified_gmt":"2013-12-03T20:12:13","slug":"film","status":"publish","type":"page","link":"http:\/\/blaues-kreuz-saarland.de\/?page_id=18","title":{"rendered":"Wir \u00fcber uns"},"content":{"rendered":"<p><img loading=\"lazy\" decoding=\"async\" class=\"alignnone size-full wp-image-514\" alt=\"wir_ueber_uns\" src=\"http:\/\/blaues-kreuz-saarland.de\/wp-content\/uploads\/2013\/01\/wir_ueber_uns.jpg\" width=\"690\" height=\"185\" srcset=\"http:\/\/blaues-kreuz-saarland.de\/wp-content\/uploads\/2013\/01\/wir_ueber_uns.jpg 690w, http:\/\/blaues-kreuz-saarland.de\/wp-content\/uploads\/2013\/01\/wir_ueber_uns-300x80.jpg 300w\" sizes=\"auto, (max-width: 690px) 100vw, 690px\" \/><br \/>\nDas Blaue Kreuz unterst\u00fctzt suchtgef\u00e4hrdete und suchtkranke Menschen sowie deren Angeh\u00f6rige. Als Fachverband arbeitet es in Beratung und Therapie in der Suchtpr\u00e4vention, aber vorrangig in der Suchtselbsthilfe. Deutschlandweit engagieren sich 3.000 ehrenamtliche Mitarbeiter an 400 Standorten in 1.100 Gruppen und Vereinen \u2013 vor allem f\u00fcr alkohol- und medikamentenabh\u00e4ngige Menschen. Das geschieht auf der Grundlage unseres christlichen Menschenbildes, in Achtung und Wertsch\u00e4tzung. Menschen k\u00f6nnen eine neue Zielrichtung ihres Lebens erreichen:<strong> befreit leben lernen<\/strong>.<\/p>\n<p>In diesem Sinne arbeitet das Blaue Kreuz seit mehr als 125 Jahren. Im Saarland sind an drei Orten (Sulzbach, Saarlouis und Homburg) Mitarbeiter ehrenamtlich in Begegnungsgruppen t\u00e4tig, wo sich w\u00f6chentlich etwa 75 Gruppenbesucher einfinden. In den Begegnungsgruppen ist es m\u00f6glich offen \u00fcber Probleme zu reden. \u00dcber Probleme, die durch die Sucht entstanden sind oder die das Suchtverhalten ausl\u00f6sten. Die offenen Gespr\u00e4che zeichnen sich durch Verst\u00e4ndnis, Einbringen \u00e4hnlicher Erfahrungen und Wertsch\u00e4tzung aus. Das gute Gef\u00fchl der Gruppenzugeh\u00f6rigkeit verhilft zu mehr Stabilit\u00e4t im Alltag auf dem Weg zur zufriedenen Abstinenz. Nicht zuletzt erfahren die Gruppenmitglieder Orientierungshilfe und Anerkennung f\u00fcr das Bem\u00fchen ihr Leben neu auszurichten.<br \/>\nNeben den Gruppenstunden wird das Miteinander gef\u00f6rdert durch das Angebot eines monatlichen gemeinsamen Tages mit Wanderungen, Fahrten, Besichtigungen, Ausstellungsbesuchen, Kr\u00e4uterund Pilzwanderungen, Grill- und Kaffeetreffen.<br \/>\nHinzu kommt das Angebot an thematischen und fachlichen Seminaren, Besuche von Veranstaltungen anderer Landesverb\u00e4nde und Suchtselbsthilfe-Organisationen. F\u00fcr den Gruppenbesucher ergeben sich vielfach M\u00f6glichkeiten pers\u00f6nlicher Beziehungen. Telefonkontakte werden in Krisensituationen angeboten und genutzt. Dar\u00fcber hinaus geh\u00f6ren Hausbesuche, Begleitung zu \u00c4rzten, Beratungsstellen, Beh\u00f6rden ebenso zum Hilfsangebot der ehrenamtlichen Mitarbeiter, sowie die Begleitung in die Fachklinik und der Kontakt w\u00e4hrend des Klinikaufenthaltes. Ohne das gro\u00dfe Engagement der Ehrenamtlichen w\u00e4re die erfolgreiche Arbeit der Suchtselbsthilfe nicht m\u00f6glich.<\/p>\n","protected":false},"excerpt":{"rendered":"<p>Das Blaue Kreuz unterst\u00fctzt suchtgef\u00e4hrdete und suchtkranke Menschen sowie deren Angeh\u00f6rige. Als Fachverband arbeitet es in Beratung und Therapie in der Suchtpr\u00e4vention, aber vorrangig in der Suchtselbsthilfe. Deutschlandweit engagieren sich 3.000 ehrenamtliche Mitarbeiter an&#46;&#46;&#46;<\/p>\n","protected":false},"author":1,"featured_media":0,"parent":0,"menu_order":1,"comment_status":"closed","ping_status":"closed","template":"","meta":{"ngg_post_thumbnail":0,"footnotes":""},"class_list":["post-18","page","type-page","status-publish","hentry"],"_links":{"self":[{"href":"http:\/\/blaues-kreuz-saarland.de\/index.php?rest_route=\/wp\/v2\/pages\/18","targetHints":{"allow":["GET"]}}],"collection":[{"href":"http:\/\/blaues-kreuz-saarland.de\/index.php?rest_route=\/wp\/v2\/pages"}],"about":[{"href":"http:\/\/blaues-kreuz-saarland.de\/index.php?rest_route=\/wp\/v2\/types\/page"}],"author":[{"embeddable":true,"href":"http:\/\/blaues-kreuz-saarland.de\/index.php?rest_route=\/wp\/v2\/users\/1"}],"replies":[{"embeddable":true,"href":"http:\/\/blaues-kreuz-saarland.de\/index.php?rest_route=%2Fwp%2Fv2%2Fcomments&post=18"}],"version-history":[{"count":25,"href":"http:\/\/blaues-kreuz-saarland.de\/index.php?rest_route=\/wp\/v2\/pages\/18\/revisions"}],"predecessor-version":[{"id":722,"href":"http:\/\/blaues-kreuz-saarland.de\/index.php?rest_route=\/wp\/v2\/pages\/18\/revisions\/722"}],"wp:attachment":[{"href":"http:\/\/blaues-kreuz-saarland.de\/index.php?rest_route=%2Fwp%2Fv2%2Fmedia&parent=18"}],"curies":[{"name":"wp","href":"https:\/\/api.w.org\/{rel}","templated":true}]}}